he remainder when 29400 is divided by 9800.
0
Calculate the remainder when 26111 is divided by 84.
71
What is the remainder when 5891 is divided by 1934?
89
Calculate the remainder when 5138 is divided by 155.
23
Calculate the remainder when 134469 is divided by 238.
237
Calculate the remainder when 137774 is divided by 137759.
15
Calculate the remainder when 295683 is divided by 840.
3
Calculate the remainder when 42841 is divided by 46.
15
Calculate the remainder when 199785 is divided by 296.
281
Calculate the remainder when 39415 is divided by 39324.
91
What is the remainder when 57189 is divided by 665?
664
Calculate the remainder when 8831 is divided by 3.
2
Calculate the remainder when 17461 is divided by 2909.
7
Calculate the remainder when 385371 is divided by 5138.
21
Calculate the remainder when 1022019 is divided by 746.
745
Calculate the remainder when 3131 is divided by 542.
421
What is the remainder when 13556 is divided by 40?
36
What is the remainder when 3285 is divided by 862?
699
What is the remainder when 44186 is divided by 19?
11
Calculate the remainder when 117920 is divided by 1123.
5
Calculate the remainder when 142 is divided by 100.
42
Calculate the remainder when 116716 is divided by 1342.
1304
Calculate the remainder when 749227 is divided by 1998.
1975
Calculate the remainder when 17994 is divided by 26.
2
Calculate the remainder when 11702 is divided by 1078.
922
What is the remainder when 79030 is divided by 132?
94
What is the remainder when 15874 is divided by 227?
211
What is the remainder when 36945 is divided by 58?
57
What is the remainder when 1989 is divided by 26?
13
Calculate the remainder when 1884696 is divided by 19.
10
Calculate the remainder when 169820 is divided by 169798.
22
Calculate the remainder when 1899 is divided by 1866.
33
What is the remainder when 1877 is divided by 63?
50
What is the remainder when 12473 is divided by 623?
13
Calculate the remainder when 36408 is divided by 687.
684
Calculate the remainder when 300068 is divided by 682.
670
Calculate the remainder when 30147 is divided by 6029.
2
What is the remainder when 25535 is divided by 304?
303
Calculate the remainder when 16281 is divided by 8138.
5
Calculate the remainder when 37728 is divided by 725.
28
What is the remainder when 35416 is divided by 89?
83
Calculate the remainder when 18431 is divided by 302.
9
What is the remainder when 36843 is divided by 6?
3
Calculate the remainder when 2981 is divided by 1002.
977
Calculate the remainder when 2184 is divided by 85.
59
Calculate the remainder when 66816 is divided by 89.
66
Calculate the remainder when 174794 is divided by 41.
11
Calculate the remainder when 2384 is divided by 780.
44
What is the remainder when 92869 is divided by 251?
250
Calculate the remainder when 6973 is divided by 59.
11
Calculate the remainder when 10397 is divided by 871.
816
Calculate the remainder when 108111 is divided by 111.
108
What is the remainder when 10977 is divided by 145?
102
What is the remainder when 8119 is divided by 18?
1
What is the remainder when 109611 is divided by 248?
243
Calculate the remainder when 2621 is divided by 192.
125
What is the remainder when 1645 is divided by 73?
39
Calculate the remainder when 8043 is divided by 7957.
86
Calculate the remainder when 63781 is divided by 4249.
46
What is the remainder when 173 is divided by 31?
18
Calculate the remainder when 22088 is divided by 1693.
79
Calculate the remainder when 664 is divided by 62.
44
Calculate the remainder when 3814 is divided by 102.
40
Calculate the remainder when 319985 is divided by 27.
8
What is the remainder when 288049 is divided by 455?
34
What is the remainder when 10494 is divided by 269?
3
Calculate the remainder when 7634101 is divided by 14.
13
Calculate the remainder when 1407 is divided by 153.
30
Calculate the remainder when 610040 is divided by 8.
0
What is the remainder when 16953 is divided by 8455?
43
What is the remainder when 1003156 is divided by 19?
13
What is the remainder when 2671 is divided by 747?
430
What is the remainder when 8252 is divided by 8?
4
What is the remainder when 11411 is divided by 357?
344
What is the remainder when 4419 is divided by 163?
18
What is the remainder when 15521 is divided by 7713?
95
Calculate the remainder when 1043248 is divided by 74.
70
Calculate the remainder when 23500 is divided by 7.
1
What is the remainder when 44196 is divided by 44186?
10
Calculate the remainder when 11734 is divided by 893.
125
Calculate the remainder when 22751 is divided by 2274.
11
Calculate the remainder when 539483 is divided by 26.
9
What is the remainder when 2238594 is divided by 39?
33
Calculate the remainder when 7725 is divided by 138.
135
Calculate the remainder when 87 is divided by 81.
6
Calculate the remainder when 1478 is divided by 9.
2
Calculate the remainder when 27559 is divided by 16.
7
What is the remainder when 672 is divided by 113?
107
What is the remainder when 4690 is divided by 1470?
280
What is the remainder when 443628 is divided by 266?
206
Calculate the remainder when 12746 is divided by 389.
298
What is the remainder when 1824 is divided by 1772?
52
Calculate the remainder when 4152 is divided by 5.
2
Calculate the remainder when 4626719 is divided by 1020.
1019
Calculate the remainder when 18574 is divided by 27.
25
Calculate the remainder when 149241 is divided by 142.
141
Calculate the remainder when 45120 is divided by 57.
33
Calculate the remainder when 8800 is divided by 117.
25
What is the remainder when 218888 is divided by 10943?
28
What is the remainder when 89074 is divided by 44527?
20
What is the remainder when 3096 is divided by 328?
144
What is the remainder when 2125979 is divided by 465?
464
What is the remainder when 18477 is divided by 548?
393
Calculate the remainder when 5665485 is divided by 68.
65
What is the remainder when 162153 is divided by 10810?
3
What is the remainder when 19894 is divided by 214?
206
Calculate the remainder when 6787 is divided by 35.
32
Calculate the remainder when 23714 is divided by 1184.
34
What is the remainder when 1336 is divided by 650?
36
What is the remainder when 58007 is divided by 4460?
27
Calculate the remainder when 14611 is divided by 232.
227
Calculate the remainder when 10987 is divided by 10880.
107
What is the remainder when 287 is divided by 38?
21
What is the remainder when 3294 is divided by 364?
18
Calculate the remainder when 3358150 is divided by 557.
554
What is the remainder when 1285594 is divided by 71?
68
What is the remainder when 140350 is divided by 96?
94
What is the remainder when 560 is divided by 115?
100
Calculate the remainder when 1468 is divided by 538.
392
What is the remainder when 12116 is divided by 15?
11
Calculate the remainder when 7176 is divided by 27.
21
What is the remainder when 16806 is divided by 55?
31
What is the remainder when 12627 is divided by 145?
12
What is the remainder when 13927 is divided by 436?
411
Calculate the remainder when 134210 is divided by 3.
2
Calculate the remainder when 23853 is divided by 142.
139
Calculate the remainder when 76428 is divided by 3184.
12
What is the remainder when 193089 is divided by 306?
3
Calculate the remainder when 6037 is divided by 300.
37
What is the remainder when 60578 is divided by 20186?
20
What is the remainder when 906 is divided by 115?
101
What is the remainder when 7463 is divided by 437?
34
Calculate the remainder when 2196 is divided by 1108.
1088
What is the remainder when 24714 is divided by 33?
30
Calculate the remainder when 694 is divided by 53.
5
Calculate the remainder when 166276 is divided by 60.
16
Calculate the remainder when 6232 is divided by 153.
112
Calculate the remainder when 48171 is divided by 4817.
1
What is the remainder when 19922 is divided by 188?
182
Calculate the remainder when 505 is divided by 277.
228
What is the remainder when 5935 is divided by 16?
15
What is the remainder when 8739743 is divided by 32?
31
Calculate the remainder when 441308 is divided by 31521.
14
Calculate the remainder when 459722 is divided by 1213.
1208
Calculate the remainder when 802037 is divided by 18.
11
What is the remainder when 335 is divided by 224?
11